*d = s + 46. List the prime factors of d.
2, 13
Let x(f) = -309*f - 67. What are the prime factors of x(-3)?
2, 5, 43
Let d = -7 - -11. Let u be 2 - (-2 - -3 - 1). Suppose f + 100 = d*o, u*f - 11 + 3 = 0. What are the prime factors of o?
2, 13
Suppose -5*c + 10 + 235 = 0. Let p be -1 - (3/(-9) - (-194)/6). Let w = p + c. List the prime factors of w.
2
Let m(n) = -1. Let d(q) = 6*q - 219. Let y(s) = -d(s) - 2*m(s). List the prime factors of y(0).
13, 17
Suppose 0 = -3*b + 2*l + 19, -5*b + 0*l = 4*l - 39. Suppose -6*p + 1677 = b*p. List the prime factors of p.
3, 43
Suppose 0 = -5*v, 402 + 3 = j - 5*v. What are the prime factors of j?
3, 5
Let c be (-2)/(-4)*(2 + -2). Suppose 0 = -c*n - 5*n + 65. Let t = 49 - n. What are the prime factors of t?
2, 3
Suppose -5*d - 5 = -2*i - 2*i, -d + 28 = 5*i. Suppose -5*p + 297 = 2*w - 6*w, 3*w = i*p - 299. List the prime factors of p.
61
Let v = 27 + -12. Suppose -2*m = h + v, 4*h - 3*h - m = -3. List the prime factors of ((-18)/h)/(2/14).
2, 3
Let x = 131 - -37. Let f(j) = -j**2 + 9. Let t be f(0). What are the prime factors of (-1)/(-3) + x/t?
19
Suppose -22 = -4*y + 2*q + 3*q, 4*q + 2 = -2*y. Suppose 0 = 2*t + 5*k - 154, y*t = -5*k + 120 + 111. What are the prime factors of t?
7, 11
Suppose 40 = 4*j - 12. Let v be (1 - 3) + 1 + 0. What are the prime factors of j + 1 + v/1?
13
Suppose 0 = -6*s + 4*s + 10. Suppose 196 = s*l - 3*k, 0*l + k = -4*l + 167. What are the prime factors of l?
41
Let x = -230 + 610. What are the prime factors of x?
2, 5, 19
What are the prime factors of (((-11220)/(-75))/(-17))/(4/(-970))?
2, 11, 97
Suppose i - 2*i + 5 = 0, d - 616 = 5*i. List the prime factors of d.
641
Let u = 861 + -329. What are the prime factors of u?
2, 7, 19
Let y be (4/6)/(28/126). Suppose -y*g = 5*o + 14, -5*g + 5*o + 8 + 22 = 0. What are the prime factors of g?
2
Let y be 2 + (-1)/(4/(-16)). What are the prime factors of (8/y)/((-250)/63 - -4)?
2, 3, 7
Suppose s + 5*g = 13, 5*s - 211 + 90 = 3*g. Suppose 5*c = -s - 7. Let i(y) = y**2 + 6*y + 9. What are the prime factors of i(c)?
3
Let t = -7 - -10. Let k(j) = -2*j - 4. Let f be k(-3). Suppose -f*h + t*h = 34. What are the prime factors of h?
2, 17
Let f = -5794 + 10766. What are the prime factors of f?
2, 11, 113
Suppose -7*s = 4*q - q - 34308, -4910 = -s + 4*q. What are the prime factors of s?
2, 3, 19, 43
Let r be 0 - (-5 + 10/2). Suppose r = 2*g + 3*g - 1125. What are the prime factors of g?
3, 5
Let a = 8 - -5. Suppose -2*l + a = -l. Suppose -l = -2*g + g. List the prime factors of g.
13
Let a(q) be the second derivative of q**5/20 + 3*q**4/4 + 5*q**3/3 + 13*q**2/2 + 7*q. List the prime factors of a(-7).
41
Let g = 37 + -12. Suppose 0*p - 5*p - g = 0, 3*t = -p + 16. List the prime factors of t.
7
Suppose -5*u = 4*a - 1058 - 963, 1187 = 3*u - 4*a. List the prime factors of u.
401
Suppose 4*f + 10 = 3*g, 5*g + 5*f - 34 = 3*f. List the prime factors of 219/g*(8 - 6).
73
Let z(f) = -f + 1. Let q be z(-2). Suppose 4*k - 92 = 4*p, q*p = 2*p. Suppose 5*u - 30 = b, 3*u + b = 3 + k. List the prime factors of u.
7
Suppose 4*y - 14 - 94 = 0. Let j = 33 - y. List the prime factors of j.
2, 3
Suppose -1 = -4*k + 3. Let q be 35/7 - (-1 - k). Let m = 2 + q. List the prime factors of m.
3
Let t be (12/(-3))/(-24)*18. List the prime factors of (-5971)/(-28) - t/(-4).
2, 107
List the prime factors of -6 + 1767 + -9 + -6.
2, 3, 97
Let o(z) = 61*z**2. Let t be o(1). Suppose -5*s + t = -14. Suppose -1 = -2*h + s. List the prime factors of h.
2
Suppose -3*r = -2*r - 2*a, 3*a = -3*r + 9. Suppose r*p = 3*p + 2*m - 170, -5*m + 345 = 2*p. Suppose 5*u - p = -0*u. What are the prime factors of u?
2
Suppose 0 = 23*t - 24*t + 453. What are the prime factors of t?
3, 151
Let r(t) be the first derivative of 10*t**3/3 - t**2 - t - 6. Suppose -3*q = q + 4. What are the prime factors of r(q)?
11
Let d = 51 + -48. What are the prime factors of 1 + d + (-28)/(-2)?
2, 3
Let k be 7/(-28) + 183/(-4). Let x = k - -123. Suppose 3*j + 36 = 2*i, 5*i + 0*j - j - x = 0. List the prime factors of i.
3, 5
Let c(p) = 3*p - 4*p**2 + 2*p**2 + 9 + 4*p**2 + p**2. Suppose 0 = 5*m + 12 + 3. What are the prime factors of c(m)?
3
What are the prime factors of (405/30)/((-6)/(-112))?
2, 3, 7
Suppose -2*z + 14 = 2*l, -l + 23 - 8 = 3*z. Suppose 134 = 2*y - 4*i, 4*y - 231 = l*i + 52. What are the prime factors of y?
73
Let d = -422 + 861. List the prime factors of d.
439
Suppose 0 = -3*h - h + 44. Let g = 15 - h. Let d(z) = 9*z - 1. What are the prime factors of d(g)?
5, 7
Let q(d) = 5*d**2 - 20*d - 9. Let y(f) = 2*f**2 - 7*f - 3. Let k(w) = 3*q(w) - 8*y(w). Let o be k(-2). Suppose -34 + o = -3*b. List the prime factors of b.
11
Suppose -6*n + 5694 = -4890. What are the prime factors of n?
2, 3, 7
Suppose 0 = z - 3*n - 0*n, z = 2*n. Suppose -2*y = w - 27, z = -3*y + w - 6*w + 51. Suppose -20 = -2*t + y. List the prime factors of t.
2
Let g = 2 + 2. Suppose l = g*p - 24 + 1, -2*l - 28 = -5*p. Suppose 0 = -p*x + 3*x + 30. What are the prime factors of x?
2, 5
What are the prime factors of 3/((-1)/(-218)*6)?
109
Suppose 6 = -3*a + 6*a - 5*r, -4*r = a - 2. Let c(m) = 3*m - 2 - m**3 + 0 + 4*m**a + 0*m. List the prime factors of c(4).
2, 5
Let o(u) = -2*u - 54. Let x be o(-27). Suppose x = -2*d + 269 + 91. List the prime factors of d.
2, 3, 5
Suppose -r + 20 = 3*k, 5*r - k + 0*k - 84 = 0. Let o = -12 + r. Suppose 5*u - 4*j - 206 = 0, -j + 82 = -o*u + 276. What are the prime factors of u?
2, 19
Let f(y) = -y**2 + y + 1. Let r be f(0). Let h(p) = -p**2 + 23*p - 39. Let l be h(21). List the prime factors of (r + 16)/(-2 + l).
17
Let x be 5 + (1 - 3)*1. Suppose 0 = -i + 4*z - 2*z + 14, 2*i - 23 = x*z. Suppose -2*w = i*u - 102, w - 3*u = -2*u + 39. What are the prime factors of w?
43
Let w = 2 + -2. Let y be (4 + (-55)/10)*(-64)/24. Suppose 0 = -2*i + 3*i - 3*k - 23, -y*i - 3*k + 137 = w. What are the prime factors of i?
2
Let k = 9721 + -5398. List the prime factors of k.
3, 11, 131
Suppose 0*z + 5*s + 4 = 3*z, 0 = -3*z - 5*s + 44. Suppose -14*q = 36 - 330. Let d = q + z. What are the prime factors of d?
29
Suppose 2 = 3*v + 5*t, -5*v + 4*t - 13 = -4. List the prime factors of 1428/24 + v/2.
59
Let n(b) = 1 + 3 + 1 - b + 2*b. Let f be n(-3). Suppose 3*p + 32 = f*v + 106, -p = 3*v - 21. What are the prime factors of p?
2, 3
Let q(v) = -2*v**2 - 3*v - 2. Let f be q(-3). Let g = f - -15. Suppose -g*m + 198 - 74 = 0. What are the prime factors of m?
31
What are the prime factors of 10*3/180 + (-24099)/(-18)?
13, 103
Let c(m) = m + 4. Let x be c(-4). Suppose -5*f + 0*i = -3*i - 143, f - 2*i - 30 = x. List the prime factors of f.
2, 7
Let d = -17 - -11. Let s be (-4)/d + (-62)/(-6). Let p(c) = -c**3 + 12*c**2 - 7*c - 6. List the prime factors of p(s).
2, 19
Let n(s) = -s**3 + 13*s**2 + 13*s + 14. Let r be n(14). Let u(m) = 2*m**3 + 88. List the prime factors of u(r).
2, 11
Let t = -887 + 1565. What are the prime factors of t?
2, 3, 113
List the prime factors of 1 + -6 - (-80 - 4).
79
Let b = -8 + 13. Suppose -575 = -b*o + 5*z, -4*o - z = 2*z - 474. Let m = o + -81. List the prime factors of m.
2, 3
Let j = 746 - -66. Suppose 4*t - j = -10*t. What are the prime factors of t?
2, 29
Let m(l) = 3*l**2 - 4*l. Suppose -5*x = -x - 16. Let z be 1 + x + (-1 - 1). What are the prime factors of m(z)?
3, 5
Suppose 0 = 12*w + 950 - 7430. What are the prime factors of w?
2, 3, 5
Let c(m) = 938*m - 28. What are the prime factors of c(3)?
2, 7, 199
Let b = 41 - 44. Let q(h) = 10*h**2 - h + 7. List the prime factors of q(b).
2, 5
Let o be (9/(-6))/((-3)/(-18)). Let j be (-2)/o + (-121)/99. Let u(b) = 16*b**2 - 1. List the prime factors of u(j).
3, 5
Let h(w) = 49*w + 425. List the prime factors of h(27).
2, 19, 23
Suppose -25*i + 1536 = -35139. What are the prime factors of i?
3, 163
Let k = -7 + 8. Let p be 110/(-14) - k/7. List the prime factors of 72/10 - p/(-40).
7
Let h be (-2 - (-8)/3)/(6/5787). Suppose q - 214 = p, -3*q - 3*p + h = -7*p. List the prime factors of q.
3, 71
Let d = -20 + -215. Let k = d + 341. List the prime factors of k.
2, 53
Let q(a) = a**3 + 4*a**2 + 5*a + 7. Let z be q(-3). What are the prime factors of z/((-1)/(-125)) + (3 - -1)?
3, 43
Let a = 11831 + -7580. List the prime factors of a.
3, 13, 109
Let l be 2 + -2